{"id":17,"date":"2019-05-13T12:56:46","date_gmt":"2019-05-13T12:56:46","guid":{"rendered":"http:\/\/awo-niederaussem.de\/?page_id=17"},"modified":"2026-03-11T11:57:38","modified_gmt":"2026-03-11T11:57:38","slug":"herzlich-willkommen","status":"publish","type":"page","link":"https:\/\/awo-niederaussem.de\/","title":{"rendered":"Startseite"},"content":{"rendered":"\n<p>Auf unserer Homepage m\u00f6chten wir Sie gerne \u00fcber die Aktivit\u00e4ten unseres Ortsvereins Niederau\u00dfem-Auenheim e.V. informieren.<\/p>\n\n\n\n<figure class=\"wp-block-image size-large\"><img loading=\"lazy\" decoding=\"async\" width=\"1024\" height=\"598\" src=\"https:\/\/awo-niederaussem.de\/wp-content\/uploads\/2026\/03\/Photoroom_20260311_125505-1024x598.jpeg\" alt=\"\" class=\"wp-image-5152\" srcset=\"https:\/\/awo-niederaussem.de\/wp-content\/uploads\/2026\/03\/Photoroom_20260311_125505-1024x598.jpeg 1024w, https:\/\/awo-niederaussem.de\/wp-content\/uploads\/2026\/03\/Photoroom_20260311_125505-300x175.jpeg 300w, https:\/\/awo-niederaussem.de\/wp-content\/uploads\/2026\/03\/Photoroom_20260311_125505-768x449.jpeg 768w, https:\/\/awo-niederaussem.de\/wp-content\/uploads\/2026\/03\/Photoroom_20260311_125505-1536x897.jpeg 1536w, https:\/\/awo-niederaussem.de\/wp-content\/uploads\/2026\/03\/Photoroom_20260311_125505.jpeg 2048w\" sizes=\"auto, (max-width: 1024px) 100vw, 1024px\" \/><\/figure>\n\n\n\n<p><\/p>\n","protected":false},"excerpt":{"rendered":"<p>Auf unserer Homepage m\u00f6chten wir Sie gerne \u00fcber die Aktivit\u00e4ten unseres Ortsvereins Niederau\u00dfem-Auenheim e.V. informieren.<\/p>\n","protected":false},"author":1,"featured_media":0,"parent":0,"menu_order":0,"comment_status":"closed","ping_status":"closed","template":"","meta":{"footnotes":""},"class_list":["post-17","page","type-page","status-publish","hentry"],"_links":{"self":[{"href":"https:\/\/awo-niederaussem.de\/index.php?rest_route=\/wp\/v2\/pages\/17","targetHints":{"allow":["GET"]}}],"collection":[{"href":"https:\/\/awo-niederaussem.de\/index.php?rest_route=\/wp\/v2\/pages"}],"about":[{"href":"https:\/\/awo-niederaussem.de\/index.php?rest_route=\/wp\/v2\/types\/page"}],"author":[{"embeddable":true,"href":"https:\/\/awo-niederaussem.de\/index.php?rest_route=\/wp\/v2\/users\/1"}],"replies":[{"embeddable":true,"href":"https:\/\/awo-niederaussem.de\/index.php?rest_route=%2Fwp%2Fv2%2Fcomments&post=17"}],"version-history":[{"count":39,"href":"https:\/\/awo-niederaussem.de\/index.php?rest_route=\/wp\/v2\/pages\/17\/revisions"}],"predecessor-version":[{"id":5153,"href":"https:\/\/awo-niederaussem.de\/index.php?rest_route=\/wp\/v2\/pages\/17\/revisions\/5153"}],"wp:attachment":[{"href":"https:\/\/awo-niederaussem.de\/index.php?rest_route=%2Fwp%2Fv2%2Fmedia&parent=17"}],"curies":[{"name":"wp","href":"https:\/\/api.w.org\/{rel}","templated":true}]}}